30*d. Calculate r(2).
60
Let w(s) = 459*s + 1369. Determine w(-3).
-8
Let u(c) = 4*c**3 - 3*c**2 - c + 2. Give u(2).
20
Let f(g) = 12*g - 40. What is f(7)?
44
Let f(m) = -m**3 + 5*m**2 + 9*m - 1. Determine f(7).
-36
Let f(t) = 2*t**2 - 13*t - 63. Determine f(10).
7
Let n(l) = 2*l**3 - 49*l**2 + 23*l + 31. Give n(24).
7
Let u(i) = -38*i + 871. What is u(23)?
-3
Let i(g) = 6*g**2 + 5*g - 4. Calculate i(1).
7
Let o(j) = 7*j + 42. What is o(-9)?
-21
Let c(m) = -86*m + 420. Determine c(5).
-10
Let t(i) = 26*i**3 - 2*i**2 - 2*i - 1. Determine t(-1).
-27
Let y(d) = -d**2 - 6*d + 1. Determine y(4).
-39
Let b(m) = -2*m**3 + m**2 + 5*m + 3. What is b(-2)?
13
Let s(o) = -2*o + 24. Calculate s(8).
8
Let n(m) = m**2 + 13*m - 40. What is n(-15)?
-10
Let w(m) = -m**2 + 11*m + 31. Give w(13).
5
Let o(b) = 2*b**3 - b**2 + 2*b. Give o(1).
3
Let d(p) = -p**3 + 9*p**2 + 13. Determine d(9).
13
Let o(v) = v + 7. What is o(-6)?
1
Let y(o) = -o + 46. Determine y(18).
28
Let j(m) = -m + 2. Give j(-9).
11
Let n(k) = 8*k - 145. Determine n(15).
-25
Let w(a) = a**3 - 5*a**2 - 7*a + 1. Give w(6).
-5
Let s(l) = 2*l**2 + 2*l + 5. Give s(0).
5
Let u(p) = 3*p + 1. Determine u(3).
10
Let v(h) = 13*h**3 + 2*h - 1. Determine v(1).
14
Let x(w) = -w**2 + 35*w - 118. Calculate x(31).
6
Let d(j) = -4*j + 10. Calculate d(-7).
38
Let g(h) = -h**3 + 8*h**2 + 5*h + 5. Give g(8).
45
Let p(n) = 3*n**3 + n**2. Calculate p(1).
4
Let j(q) = -q**3 + 8*q**2 + 8*q - 8. Give j(9).
-17
Let n(c) = -c**3 + 13*c**2 - 12*c - 11. Calculate n(12).
-11
Let a(w) = w**3 + 12*w**2 + 23*w + 19. Give a(-10).
-11
Let q(g) = g**3 - 9*g**2 - 50*g + 6. Give q(-4).
-2
Let z(h) = -14*h - 70. Determine z(-5).
0
Let g(l) = -89*l + 2. What is g(-2)?
180
Let g(v) = v**2 + 31*v + 80. Calculate g(-28).
-4
Let y(g) = 5*g + 133. What is y(-33)?
-32
Let y(z) = -2*z - 4. Determine y(6).
-16
Let q(k) = -k**2 + 7*k + 9. Calculate q(7).
9
Let i(o) = -2*o - 12. Calculate i(-12).
12
Let g(c) = 6*c - 199. What is g(31)?
-13
Let y(f) = f**2 + 4*f + 11. Determine y(5).
56
Let c(t) = -2*t - 41. What is c(10)?
-61
Let a(l) = -l**3 - 6*l**2 - 9*l + 1. Give a(-4).
5
Let b(d) = 2*d**3 - 5*d**2 + 2*d + 4. Determine b(3).
19
Let u(n) = -2*n + 30. Give u(13).
4
Let s(m) = -6*m**2 + 2*m - 2. What is s(4)?
-90
Let s(i) = 3*i**3 - 72*i**2 - 2*i + 23. Determine s(24).
-25
Let j(s) = -10*s + 131. Give j(14).
-9
Let x(p) = -2*p**2 - 56*p - 139. What is x(-25)?
11
Let g(v) = -v**2 - 2*v - 8. What is g(-3)?
-11
Let u(c) = c**3 - 8*c**2 + 4*c - 2. Give u(7).
-23
Let r(y) = -y**2 - 15*y - 27. Calculate r(-12).
9
Let v(j) = -j**2 + 2*j + 66. Determine v(0).
66
Let s(j) = 7*j + 30. Give s(-5).
-5
Let u(c) = -c**2 + 5*c - 2. Give u(-5).
-52
Let u(g) = -2*g**2 + 26*g - 26. Give u(11).
18
Let y(q) = -2*q + 6. What is y(1)?
4
Let d(q) = -58*q - 1. Calculate d(-2).
115
Let p(w) = w**3 + 14*w**2 - 16*w - 11. Give p(-15).
4
Let k(f) = 6*f - 57. What is k(7)?
-15
Let m(g) = 3*g**3 + 2*g**2 - 3*g - 3. Determine m(-2).
-13
Let w(j) = j**3 - 9*j**2 + 2*j - 11. Calculate w(9).
7
Let l(d) = 12*d - 4. What is l(-8)?
-100
Let b(l) = -4*l**2 + 1. Calculate b(2).
-15
Let i(m) = -35*m + 4. Calculate i(2).
-66
Let j(t) = -t**2 - 3*t - 4. What is j(-6)?
-22
Let w(j) = j**3 - 4*j**2 - 3*j + 7. Determine w(3).
-11
Let y(f) = f**3 + 5*f**2 - 5. Give y(-5).
-5
Let s(f) = f**2 - 2*f - 18. What is s(6)?
6
Let g(h) = -8*h + 17. Give g(-6).
65
Let u(b) = -3*b**2 - 33*b - 23. Calculate u(-13).
-101
Let p(q) = -q**3 + 9*q**2 - 4*q + 2. What is p(8)?
34
Let m(r) = r**3 + 11*r**2 + 18*r + 5. What is m(-9)?
5
Let w(s) = -3*s + 15. Determine w(5).
0
Let j(i) = -14*i. Determine j(1).
-14
Let z(p) = p**2 - 3*p - 11. What is z(8)?
29
Let n(z) = z**3 + 18*z**2 - 39*z - 16. Give n(-20).
-36
Let s(u) = -u + 1. Calculate s(-6).
7
Let s(u) = 3*u**3 + 2*u**2 + u. Determine s(-1).
-2
Let q(b) = -2*b + 39. Calculate q(13).
13
Let r(o) = 10*o - 6. Calculate r(3).
24
Let t(n) = -n**2 + 15*n + 33. Give t(13).
59
Let x(l) = l**2 - 30*l + 214. Determine x(14).
-10
Let x(g) = 2*g**3 + 20*g**2 + 23*g + 18. What is x(-9)?
-27
Let f(d) = -d**2 + 11*d + 3. Calculate f(11).
3
Let z(r) = r**3 + r**2 + r - 5. Give z(0).
-5
Let d(j) = -j**2 + 17*j - 30. Give d(14).
12
Let h(m) = -5*m + 2. Determine h(2).
-8
Let j(i) = 2*i**2 + 20*i - 12. Calculate j(-10).
-12
Let x(w) = w - 53. What is x(24)?
-29
Let q(f) = -2*f**2 + 7*f + 13. What is q(5)?
-2
Let p(o) = o**3 - 4*o**2 + 2*o - 6. Give p(4).
2
Let o(z) = -87*z + 4. Give o(-1).
91
Let r(h) = -h**2 - 19*h - 40. What is r(-3)?
8
Let w(f) = -f**3 + 2*f**2 - 3*f + 6. Calculate w(2).
0
Let l(u) = -u**3 + 13*u**2 - 12*u - 8. What is l(12)?
-8
Let l(b) = 8*b - 2. What is l(1)?
6
Let a(s) = s**3 + 13*s**2 - 31*s - 7. Give a(-15).
8
Let v(i) = i**2 + 3*i - 14. Give v(0).
-14
Let v(o) = o**3 - 5*o**2 - 27*o + 11. Determine v(8).
-13
Let f(i) = -4*i + 40. Give f(16).
-24
Let c(x) = x**3 + x**2 - x. What is c(-2)?
-2
Let j(o) = -o**2 - 2*o + 12. Give j(-4).
4
Let k(y) = -y**3 + 11*y**2 + 2*y - 6. What is k(11)?
16
Let q(s) = 15*s + 74. Give q(-4).
14
Let g(d) = -5*d - 5. Determine g(-6).
25
Let h(o) = o**3 - 4*o**2 + 5*o. Determine h(4).
20
Let t(m) = 8*m + 44. What is t(-6)?
-4
Let a(x) = -2*x**2 + 7*x - 6. Calculate a(4).
-10
Let d(i) = 3*i + 51. Calculate d(-17).
0
Let l(m) = 2*m**2 - 9*m + 9. Determine l(7).
44
Let r(o) = o**3 + 8*o**2 + 9*o + 16. Give r(-7).
2
Let u(t) = -t**3 + 10*t**2 + 5*t + 5. Calculate u(10).
55
Let i(r) = -r**3 - 9*r**2 + 2. Determine i(-9).
2
Let z(b) = -6*b + 68. What is z(10)?
8
Let o(z) = -z**3 + 19*z**2 - 19*z - 6. Determine o(18).
-24
Let k(h) = 3*h**3 - 8*h**2 + 5*h - 7. What is k(3)?
17
Let k(g) = 35*g + 12. What is k(-4)?
-128
Let s(z) = -z - 19. Give s(-17).
-2
Let b(o) = -o**2 + 10*o - 2. Calculate b(7).
19
Let o(y) = y**3 - 5*y**2 - 37*y + 108. What is o(8)?
4
Let y(o) = o**2 - 15*o - 52. Determine y(19).
24
Let z(g) = g**3 + 5*g**2 + 3*g + 2. What is z(-5)?
-13
Let o(x) = 24*x + 111. Determine o(-5).
-9
Let s(d) = 27*d**2 - 5*d + 11. Determine s(2).
109
Let f(c) = -c**2 + 55. Give f(0).
55
Let d(z) = 2*z - 14. Give d(5).
-4
Let j(y) = y**3 + 29*y**2 + 44. Give j(-29).
44
Let p(l) = -24*l**2 + 4*l + 3. Calculate p(-1).
-25
Let t(n) = -n**2 - 6*n + 3. Calculate t(-6).
3
Let c(b) = -4*b**3 + 30*b**2 + 17*b - 6. Determine c(8).
2
Let u(h) = -h**3 + 13*h**2 + 8*h - 19. What is u(13)?
85
Let r(j) = 9*j + 4. Determine r(4).
40
Let m(t) = t**3 - 8*t**2 - 18*t - 23. Calculate m(10).
-3
Let d(i) = 32*i**3 + 2*i**2 - 1. What is d(-1)?
-31
Let u(k) = -2*k. Determine u(-1).
2
Let m(i) = i**2 + 10*i + 1. Give m(-7).
-20
Let d(c) = c**3 - c + 22. Give d(0).
22
Let f(a) = a - 12. Give f(7).
-5
Let v(p) = -5*p**2 + 39*p + 10. What is v(8)?
2
Let p(r) = -9*r - 4. Determine p(-3).
23
Let p(k) = k**2 - 18*k + 67. Give p(13).
2
Let m(f) = -8*f - 58. Calculate m(-17).
78
Let p(m) = 33*m - 1. Determine p(-1).
-34
Let l(v) = v**2 + 9*v + 6. Calculate l(-5).
-14
Let o(x) = x**2 + 9*x - 5. Calculate o(-10).
5
Let q(p) = -107*p - 855. Determine q(-8).
1
Let r(f) = f**2 + 2*f + 18. What is r(0)?
18
Let o(v) = v**3 - 2*v**2 - 22*v - 3. Calculate o(6).
9
Let h(r) = -5*r - 19. Determine h(-2).
-9
Let y(g) = -13*g**3 + g**2 + 3*g - 3. Determine y(1).
-12
Let c(b) = -b**3 - 17*b**2 - b - 7. What is c(-17)?
10
Let p(g) = g**2 + 3*g + 7. Give p(-4).
11
Let m(d) = 2*d**2 - 27*d + 19. Calculate m(13).
6
Let s(i) = -22*i - 16. Determine s(-2).
28
Let v(h) = h**3 + 12*h**2 - 27*h - 3. What is v(-14)?
-17
Let i(y) = y**3 + 7*y**2 + 8*y + 9. Give i(-7).
-47
Let i(k) = -12*k - 96. Give i(-8).
0
Let r(q) = q**3 - 17*q**2 + 61*q - 5. Determine r(12).
7
Let r(a) = a**2 + 37*a + 62. What is r(-35)?
-8
Let l(i) = -i**2 + 78*i - 299. What is l(4)?
-3
Let i(z) = -z**2 - 3*z - 15. What is i(6)?
-69
Let l(r) = 3*r + 27. What is l(-10)?
-3
Let y(m) = -35*m - 198. Determine y(-6).
12
Let r(p) = -2*p**3 - 3*p**2 + 3*p - 2. Give r(-3).
16
Let y(c) = 2*c - 45. Give y(0).
-45
Let l(f) = -9*f - 5. Calculate l(-3).
22
Let l(f) = -f**3 + 20*f**2 + 2*f - 37. Determine l(20).
3
Let x(v) = v**2 - 7*v - 5. Calculate x(-4).
39
Let g(o) = -o**3 - 3*o - 11. Calculate g(0).
-11
Let g(p) = -6*p - 1. Determine g(5).
-31
Let g(l) = l**2 - 2*l + 2. What is g(1)?
1
Let q(n) = -n**3 - 10*n**2 + 2*n - 